)?
-2
What is the value of 0 + 1 + 4 + -5?
0
Calculate 3 + (-1 - -3) - (8 + -4).
1
Evaluate 0 + (-3 - (0 + 0)) + 5.
2
Evaluate 5 - ((1 + 4 - 4) + 1).
3
4 - 1 - (12 - 12)
3
Evaluate 1 + -4 + (2 - 1 - 3).
-5
0 - -5 - (-31 + 29)
7
(1 - -6) + (36 - 42)
1
Evaluate -3 + -2 - (0 + -1).
-4
What is -5 + 9 + 6 + -5 + -4?
1
What is 2 + -10 + 2 - (-2 - 2)?
-2
Evaluate (-5 - 4) + 12 + 1.
4
-8 + (-9 - -11) + 1 + -6
-11
Evaluate (-2 - -5 - 1 - 0) + 0.
2
Calculate 10 - (2 + 6 - 5).
7
What is 6 - 2 - 1 - 8?
-5
What is the value of 0 - (-8 - 4) - 6?
6
1 + 1 + 2 + -6 + 2
0
-6 + 2 + 3 - 2
-3
What is 3 + 0 + (-2 - -3) - 2?
2
(-8 - -4) + 5 + -1 + -3
-3
What is 0 + -3 - (1 - 4 - 1)?
1
What is the value of 7 - (1 - 6 - (-6 + -4))?
2
What is the value of 9 + 5 + -9 - 2?
3
-6 + 16 + (6 + -7 - -1)
10
Evaluate -8 + (14 - 0 - -5) + -8.
3
-2 - (11 + (-9 - 1))
-3
Evaluate 1 - 7 - (18 - 28).
4
What is the value of 4 + (-1 - (-5 + 11))?
-3
What is the value of 4 + -1 + (16 - 8) - 7?
4
What is the value of (-1 + 0 - 2) + -15 + 16?
-2
What is the value of -5 + (5 - 2) + 4 - 7?
-5
What is 4 + (1 - -1 - 0) + -3?
3
Calculate 155 + -153 + (-5 - 0 - 1).
-4
Evaluate 7 - (20 + (0 - 7)).
-6
Evaluate -7 + -3 + 0 + 4 + 1.
-5
What is 3 + (9 + -6 - 1)?
5
What is the value of 1 + 5 + 9 + -16?
-1
Calculate (2 - 8 - -3) + -2.
-5
Evaluate 0 + -4 + 4 + -16 + 7.
-9
Calculate (-5 - (6 - 7)) + (1 - -4).
1
Evaluate -10 + 3 + 7 + -3 + -3.
-6
-4 + (7 - 8 - -7)
2
Evaluate (-1 + 4 - 7) + 7.
3
1 - (3 - (3 + 7 + -4))
4
Evaluate -4 + 0 + (-3 - -5).
-2
What is 4 - 1 - (1 - -7)?
-5
Evaluate (-4 - -15 - 5) + -5 - 1.
0
Calculate -7 + 3 - -8 - 6.
-2
Evaluate -1 - (-3 - ((-4 - -4) + 0)).
2
Evaluate -5 + (-9 - (-2 + -4)) + -1.
-9
What is the value of -1 - ((-1 - -4) + 0)?
-4
-1 - (-9 + (-1 - -5 - 0))
4
Calculate (-2 - -1) + -8 + 7.
-2
What is the value of (1 - -2) + (-23 - -15)?
-5
What is the value of 3 + 0 - (-2 - -7)?
-2
Evaluate (12 - 15) + (1 - 1 - -2).
-1
Calculate 4 - (3 - (-1 + -2)).
-2
0 + (-1 - (-1 - 0)) + -4
-4
-31 + 39 - (-1 - -8 - 1)
2
(-1 - (-1 + -1)) + 63 + -62
2
0 + (-4 + 7 - -1)
4
Calculate 7 + -6 + (2 - 1).
2
What is the value of 0 - -3 - (-10 + 18)?
-5
Evaluate -6 - 0 - -1 - -3.
-2
What is the value of 5 + -5 - 4 - -4?
0
Calculate 5 + (-4 - 0) + -7 - 1.
-7
Evaluate -4 + (-1 + 2 - 2).
-5
Evaluate 5 - (10 + (0 - -3)).
-8
Calculate (-3 + 4 - 10) + (3 - -2).
-4
What is -1 + -6 + (-2 + 1 - -3)?
-5
Evaluate -17 - (7 - 10) - -22.
8
What is (-4 - 0) + 10 + -1 + -7?
-2
What is the value of 4 - (8 - -6 - 6)?
-4
Evaluate (1 - (3 + -2)) + (-34 - -32).
-2
(7 - (-2 + 1 - -1)) + -3
4
What is 2 - (-2 - -4) - (-10 + 15)?
-5
Calculate (2 - 1) + (22 - 18).
5
4 + 1 + -11 + 5
-1
What is the value of -5 - (5 + -18 + 0) - 5?
3
(2 - (2 + -3)) + -5 + -3
-5
Calculate (2 - 5) + (11 - 8).
0
Evaluate 0 - (-6 - (0 - 2) - -10).
-6
Evaluate 1 + (-1 - (-5 - -1) - 13).
-9
What is the value of 2 + 7 - (9 - -2)?
-2
Evaluate -3 - (-4 + (1 + -2 - -2)).
0
Calculate 6 - (19 - (13 + (-5 - 1))).
-6
-4 + (17 - 12) + 0 + 1
2
What is the value of -5 + 2 + 1 + 0?
-2
Calculate 9 + (-7 - 1 - -2).
3
What is the value of -1 - (-2 + 8 + (5 - 14))?
2
Calculate 1 + (0 - (-6 - -5)).
2
Evaluate -5 + -3 + (2 - -18 - 9).
3
-5 + 5 + 0 + 1
1
What is the value of (12 + -4 - 5) + -3 + 2?
2
What is 24 + -5 + -4 + -9?
6
What is the value of 3 + -1 + (2 - 0)?
4
What is the value of (7 - (3 + 5 + -3)) + -7?
-5
What is -2 + -4 + 6 + 1?
1
Evaluate 50 - 43 - (4 + 0).
3
11 + -33 + 14 + 4 + -1
-5
Evaluate 8 + -15 + 4 + 2.
-1
Evaluate (1 - (0 + 10 + -3)) + 2.
-4
What is -10 - -1 - (-56 + 56)?
-9
What is the value of 2 - -1 - (-1 - (2 - 4))?
2
What is the value of -5 + 7 + (-12 - -18)?
8
What is (-5 - (-1 + 3)) + 8 - -1?
2
4 - ((2 - 6) + 3)
5
Evaluate -57 + 49 - (-13 - 0).
5
Evaluate 8 - 4 - (2 - 3).
5
2 + (0 - (2 - 0) - -1)
1
Calculate 6 + 2 + -7 + 7 - 2.
6
-4 + -1 + -1 + 0
-6
Evaluate -5 + 3 - (7 - 8) - 4.
-5
What is the value of 3 + ((7 - -9) + -8 - 15)?
-4
Calculate (3 + -1 - 4) + 2 + -1.
-1
(2 - 0) + 10 + (1 - 18)
-5
What is -2 + (-1 - 2) + 3?
-2
What is the value of 0 + 2 - (10 - (23 + -11))?
4
Evaluate -9 + (9 - (-5 - -7)).
-2
What is 7 + -6 - (1 - -4 - 2)?
-2
Calculate (1 - (1 + 5 + -4)) + 4.
3
Evaluate 4 - -2 - (-1 - -13).
-6
Evaluate -25 - -37 - (10 - 4).
6
What is the value of (3 - (3 + 0)) + -6?
-6
Evaluate (-1 - (2 - 2)) + -20 + 24.
3
(4 + -4 - 4) + 5
1
Evaluate 2 + -6 - (-1 - (2 + -1)).
-2
What is (21 - 13 - (-1 - -13)) + 7?
3
-1 + (0 - -6) + -7 + 2
0
What is the value of -4 + (3 - 5) + 2?
-4
Evaluate (41 - 33) + -4 + 0.
4
What is the value of 1 + 2 - (1 - (15 - 15))?
2
Calculate (-2 - (-21 - -15)) + (-1 - 0).
3
9 + -2 - (8 + -4)
3
What is the value of (-13 + 3 - -13) + 6?
9
-1 + (11 + -28 - -11)
-7
Evaluate -5 + -2 + 5 + 2 + -6.
-6
Evaluate (-3 + 5 - -2) + -1 - 1.
2
What is -1 + -4 + (5 - -5)?
5
Calculate -2 + -13 + (-2 - -11).
-6
Evaluate (-1 - (-9 + 5)) + -1.
2
Calculate -6 + -2 - (0 - 6).
-2
Evaluate (0 - -3) + -6 + 0 + 6.
3
Evaluate 1 + (3 - 5) + -2.
-3
What is -4 + 0 + 1 + 2 + -5?
-6
What is the value of -1 + -1 + -16 + -6 + 14?
-10
Calculate -2 + -3 + 15 + -10.
0
Evaluate -2 - ((-1 - 2 - 0) + 0).
1
11 + (-15 - 5) + 7
-2
4 + -2 - (17 + -12 - 2)
-1
What is the value of (-2 - -4) + (-2 - (-6 + 3))?
3
Calculate 5 - (1 - (2 + -5 - -3)).
4
What is 4 + (-4 - (11 + -7))?
-4
What is the value of (9 - (8 + 4)) + -5?
-8
0 - (-2 + -1 + 5)
-2
What is (1 + 2 - -7) + -14?
-4
Evaluate -3 - (1 - 2 - (15 + -9)).
4
-5 + (2 + 6 - (-7 - -15))
-5
What is 2 + (5 - 9) + 2?
0
What is the value of 0 - ((-6 - 3) + 4 - 1)?
6
Calculate (-9 - -2) + 5 + -1 + 0.
-3
Evaluate -5 - (-10 + (7 - (-1 + 5))).
2
Calculate 8 + -10 - (0 - 3).
1
What is the value of (-8 - (-5 - -6)) + 4?
-5
Calculate (-2 - (4 - 6)) + -7.
-7
(0 - -10) + (-52 - -42)
0
-2 - (-4 + -1) - 6
-3
What is the value of 5 + 4 + 6 + -12?
3
-1 - (-2 + 11 + -13)
3
Evaluate -38 - -46 - (-1 + 2) - 3.
4
What is the value of 4 - (-3 + 3) - 2?
2
What is -1 + 1 + (-7 - (6 + -11))?
-2
What is the value of (0 + -2 - 1) + (-6 - -9)?
0
What is -7 - (3 + -17) - 8?
-1
Evaluate 0 - ((-4 - -1) + 5).
-2
Calculate (3 - -4) + -4 - (1 - -1).
1
What is the value of 7 - 7 - (-2 + (-1 - -5))?
-2
-2 + (15 - -3) - 7
9
-2 + (-2 - -3) + 1 + 4
4
Evaluate 12 - (-12 - (-12 + -4)).
8
(2 + -1 - (4 + 0)) + 2
-1
Evaluate 3 - ((2 - 4) + -1 + 5).
1
Calculate -14 + (10 - (-1 - 3)).
0
Calculate 0 + (6 - 1) + -6.
-1
What is -6 - (-5 + 15 - 14)?
-2
Evaluate -3 - ((-2 - 1) + 4).
-4
What is -13 + (-1 - 1) + 9 + -2?
-8
Evaluate -1 + (-5 + 3 + 1 - 1).
-3
What is -1 + 2 + (7 - 11) + 3?
0
What is 3 + -6 + 1 + 1?
-1
Evaluate 16 + -25 - -3 - (-10 + -1).
5
3 - ((4 - -3) + -1) - 0
-3
Evaluate -2 - (-8 - (2 - 9)).
-1
2 - 4 - (-2 + -6 + 6)
0
Evaluate -12 - (-11 + 3) - (-6 - 0).
2
2 - (-1 + -1 + 2)
2
What is -3 - ((-3 - 7) + 4 + 1)?
2
-22 + 15 - (4 - (4 + -2))
-9
What is the value of -4 - (-4 + -1) - 2?
-1
Calculate 0 - 3 - (-46 - -43).
0
1 + 3 + (6 - 5) + -3
2
5 - (-6 + -3 + 3) - 4
7
Calculate -6 + (-3 - (-7 - 1)) + 1.
0
Evaluate -5 - -14 - 6 - (-1 + 4).
0
-2 - (-11 - -4) - (16 + -14)
3
Evaluate -5 - (-6 + 1 - (1 + 5)).
6
Calculate 113 - 116 - (-1 - (1 + -1)).
-2
Evaluate (-1 - -4) + (-1 - 4).
-2
Calculate -2 - (-7 - -6) - 0.
-1
What is the value of 10 + (-11 + 2 - -4)?
5
What is 4 + (-2 + -3 - -6) + -1?
4
(0 - 7) + (-5 + 0 - -5)
-7
Evaluate -17 + 8 - -13 - (-3 - 2).
9
Evaluate (3 - 2 - (25 + -13)) + 5.
-6
Calculate -2 + -2 + (1 - 0) + 0.
-3
Evaluate 6 + -4 + -1 + 2.
3
(0 - (11 + -2)) + 19
10
Evaluate -2 - (6 + (6 - 9)).
-5
Calculate 0 + -3 + (1 - -2).
0
What is 8 + -4 + 4 - 9?
-1
Calculate (1 - (13 - 7)) + 1.
-4
What is (-7 - -17) + -4 - 6?
0
Evaluate -5 + 1 + 1 + (-6 - -7).
-2
What is -5 + (-4 - ((-1 - -6) + -11))?
-3
Evaluate 2 + (11 + -3 - (10 + -7)).
7
What is -3 + 1 + (5 - 15 - -11)?
-1
Calculate (-4 - -3) + 6 - 2 - 4.
-1
Evaluate 3 + (-1 - (0 + 1)).
1
What is the value of (0 - -2) + (-7 - -3)?
-2
What is 1 + (-9 - -5) + 8?
5
What is the value of 4 + 3 + -11 - (-5 + 1)?
0
Calculate -7 + 3 + -8 + 10.
-2
Calculate 6 + (-2 - (-2 + 1 + 1)).
4
Evaluate -5 + 20 - (14 - 2 - 5).
8
Calculate 7 - (3 - 1) - 1 - -1.
5
Calculate 0 + 1 - (2 + -4).
3
What is the value of (-2 - (-2 + (0 - 0))) + 0?
0
Calculate 0 - (2 - 0 - -3).
-5
6 + (-4 - (0 + 2) - -4)
4
-3 - (-13 - -1